est common factor of 28 and y?
7
Let p be (32/(-6))/((-8)/12). What is the highest common divisor of 40 and p?
8
Suppose -5*d + 2*o - 5*o + 78 = 0, 0 = -3*d + 2*o + 62. Let v = 0 + -3. Let y = 5 + v. What is the greatest common divisor of y and d?
2
Let u be (6/(-5))/((-21)/70). Suppose -2*p + u = 2*j - 64, 0 = -p + j + 38. What is the highest common divisor of 12 and p?
12
Let t(d) = d - 1. Let j be t(2). Let g be 3*(1/(-3))/j. Let u be -2 - (0 - (-14)/g). What is the highest common factor of u and 6?
6
Let d be 6 + (1 - (-1 + 4)). Let b = 6 + d. Suppose 3*c - 23 = b. What is the greatest common factor of 11 and c?
11
Suppose 2*s + 73 = i, -4*s - 77 = -i - 0*i. What is the greatest common divisor of i and 23?
23
Let g = -25 - -33. Suppose -3*v - 179 = -2*b, 448 - 91 = 4*b - 5*v. Calculate the highest common factor of g and b.
8
Suppose -5*n + 54 = -5*p - 151, 0 = -3*n + 2*p + 122. What is the highest common divisor of 60 and n?
20
Let q be (5 - 6) + (-116)/(-1). Calculate the highest common divisor of 46 and q.
23
Suppose 0*f = 3*k - 3*f - 240, 0 = 3*k + f - 240. What is the highest common divisor of k and 20?
20
Let n = 10 - 2. Let j be 20/n*(-24)/(-3). Calculate the greatest common divisor of j and 80.
20
Let t(i) = 3*i**3 - i**2 + i. Let r be t(1). Suppose 1 = -3*p + 10. Let g be p*2*2/4. Calculate the highest common factor of r and g.
3
Let f be 114/15 + (-4)/(-10). Let q(d) = d**3 - 14*d**2 - 15*d + 20. Let k be q(15). What is the highest common factor of f and k?
4
Let t(y) = y**2 + 6*y - 8. Suppose -2*z - 7 - 7 = 0. Let g be t(z). Let k(x) = -2*x**3. Let q be k(g). Calculate the highest common divisor of q and 2.
2
Let h be (-2 - 1)*(-70)/15. What is the greatest common factor of h and 98?
14
Suppose -b - 3*d = 4, 4*b - 3*d = -0*d - 1. Let w be (-16)/(-2) - (3 + b). What is the greatest common divisor of 18 and w?
6
Let i(q) = -2*q**3 + 2*q + 1. Let w be i(-1). Suppose 0 = -n - w + 8. What is the greatest common factor of n and 1?
1
Suppose 2*s - u - u = 270, u - 145 = -s. Let m be (0 + 4/(-10))*-50. Calculate the greatest common factor of s and m.
20
Let d be -2*(-1)/2*5. Suppose -5*r = -4*a - 6*r + 63, 2*r = d*a - 95. Calculate the highest common divisor of a and 51.
17
Let c be (-10 + (0 - -3))*(-8)/14. Calculate the highest common factor of c and 32.
4
Let y(o) = -o**2 - 4*o. Let k be y(-6). Let c be ((-32)/k)/(4/(-42)). Let h be (-8)/c - (-52)/14. Calculate the highest common divisor of 4 and h.
4
Suppose 0 = n - 4*j - 6 - 3, 5*j = -4*n + 36. Suppose r + 2 = 8. Let v be 92/r + 6/n. What is the highest common factor of v and 176?
16
Let s = 20 + -14. Let r = 4 + -2. Suppose j - 180 = -r*j. What is the highest common divisor of j and s?
6
Let n = 5 - -4. What is the highest common divisor of n and 45?
9
Suppose x - 27 = -2*x. Let s = x - 3. Calculate the greatest common factor of 48 and s.
6
Suppose i - 3*w = -0*i + 36, 0 = -5*i + 4*w + 125. What is the highest common factor of i and 105?
21
Let g = -3 - 0. Let q(r) = -45*r - 3. Let c be q(g). Suppose -3*m = 5*a - 66, 7*a - 40 = 4*a - 2*m. What is the greatest common factor of c and a?
12
Suppose -4*q + 12 = -4*h, -q - 3*h = 3*q - 40. Let s = -2 + 4. Let y(c) = 38*c + 1. Let j be y(s). Calculate the greatest common factor of j and q.
7
Suppose 5*v = 25 + 75. Calculate the greatest common factor of 4 and v.
4
Suppose 0 = -4*w + 7*w - 6. Calculate the highest common divisor of 2 and w.
2
Suppose 2*v + 68 = 4*v. Let l(o) = o**2 + 12*o + 6. Let g be l(-5). Let i = -12 - g. What is the highest common factor of i and v?
17
Suppose g + 0*g - 12 = 0. Suppose -2*b = -7*b - 20. Let s be 1000/12 + b/(-6). Calculate the greatest common divisor of s and g.
12
Let l = 9 - 7. Suppose w + m + 87 = 2*w, l*w + 4*m - 162 = 0. Calculate the highest common divisor of w and 34.
17
Suppose 0 = 4*j - 7*j. Suppose j*w - 2*w - 16 = 0. Let b be 1/(w/10 + 1). Calculate the highest common divisor of 1 and b.
1
Let h(q) = -6*q - 5. Let u be h(-6). Calculate the highest common factor of u and 341.
31
Let k(m) = 4 - 3*m + 3*m + m**2 + 0*m**2. Let v be k(0). Suppose 5*w - 53 = -v*q, 4*q - 47 = -2*w + 3*w. What is the greatest common divisor of 24 and q?
12
Let j = -35 + 116. What is the greatest common factor of j and 54?
27
Suppose -13*l = l - 560. What is the highest common divisor of 8 and l?
8
Let b = -10 - -18. Suppose 0 = k - 1 - 1. Calculate the highest common divisor of b and k.
2
Suppose -4*b + 30 = 2. Let d = b + 0. Suppose 3*m = -j + d*m + 11, 3*m + 21 = 5*j. Calculate the highest common divisor of j and 21.
3
Suppose 2*f = -o + 7, 12 + 1 = 3*o - 2*f. Let u = o + 10. Calculate the greatest common divisor of 15 and u.
15
Suppose -6*c - 4*b + 26 = -4*c, -c + b + 4 = 0. Let j be 82/6 - 5/(-15). Calculate the greatest common factor of j and c.
7
Let w = 182 - 159. Let x(j) = -32*j + 1. Let h be x(-5). Calculate the highest common divisor of w and h.
23
Suppose 2*t + 5 = 7*t. What is the highest common divisor of t and 3?
1
Let n = -1 + 3. Suppose n*b = 0, -2*t - 3*b - 11 = -29. Calculate the highest common factor of 9 and t.
9
Suppose 2*k + 24 = 72. What is the highest common factor of 8 and k?
8
Suppose v = 3*v - 76. Suppose 5*k - 32 = v. Calculate the highest common divisor of k and 2.
2
Let g(w) = w**2 - 9*w - 37. Let a be g(-7). Calculate the highest common factor of a and 50.
25
Let v be 3/2*(2 + -8). Let j be 2/v - 1268/(-36). Calculate the greatest common factor of j and 5.
5
Suppose 0 = -2*c + 2 + 2. What is the highest common divisor of 16 and c?
2
Suppose 0 = 4*j - 27 - 1065. What is the highest common divisor of 39 and j?
39
Let o(r) = -9*r - 5. Let b be o(-2). What is the highest common factor of 26 and b?
13
Suppose -3*m - 214 = -r, 0 = -3*r - 0*m + m + 634. Let j = -101 + r. Calculate the greatest common factor of 10 and j.
10
Let o = 32 - -5. What is the highest common factor of o and 259?
37
Suppose -240 = -2*g + 4*m + 12, -504 = -4*g - 4*m. What is the greatest common divisor of 14 and g?
14
Let i = 206 - 125. What is the highest common factor of 27 and i?
27
Suppose 4*m = 4*q - 40, -3*q - 40 = 2*m - 0*m. Let h = 18 + m. Calculate the highest common factor of h and 2.
2
Suppose -24 = -3*x + 3. What is the highest common divisor of x and 99?
9
Suppose 2*o - 24 = -2*o. Suppose 0 = 2*n - b - 22 - 7, n - 2*b = 22. What is the highest common factor of n and o?
6
Suppose -4*m + 31 = -17. Suppose -3*o = 2*o - 180. Calculate the greatest common factor of m and o.
12
Let v be (6 - 2) + 1 + 0. Let i = v - 1. What is the greatest common factor of i and 10?
2
Suppose -2*g + q = -4*q - 351, 4*q - 561 = -3*g. Suppose -3*f + 195 = 2*c + 3*c, -4*c + 3*f + g = 0. Calculate the greatest common divisor of 6 and c.
6
Let p(l) = -l**2 + 11*l + 6. Let v be p(5). Suppose 29 - 9 = 5*d. What is the highest common divisor of v and d?
4
Let g = 148 + -68. What is the highest common factor of g and 32?
16
Let q be -1*1/(-1)*4. Suppose 0 = q*a - 5*p + 15, -p = -5*a - 2*p + 3. Suppose r + a*r - 28 = 0. What is the highest common divisor of 7 and r?
7
Let v(r) = -2*r**2 + 4*r - 2. Let l be v(3). Let d be (-954)/l + (-6)/(-8). Calculate the highest common divisor of d and 15.
15
Let n = -102 + 192. What is the greatest common divisor of 36 and n?
18
Let p = 17 - 1. Let n(l) = 4*l**2 - 3*l + 3. Let s be n(-3). What is the highest common divisor of p and s?
16
Suppose -5*r + 661 = -2*v, 2*v - 2*r - 326 = 3*v. Let m be v/6*(-6)/(-4). Let d = m - -122. Calculate the greatest common factor of d and 4.
4
Let q = -153 + 214. Let y = 97 - q. What is the greatest common factor of 9 and y?
9
Let u be 18 + -3 + (-4 - -11). Calculate the highest common factor of 33 and u.
11
Suppose -3*h + 5*h - 5*f - 3 = 0, -2*h + 3*f = -5. Let u(m) = 0*m - m - 3 + 3*m. Let b be u(h). What is the highest common divisor of b and 55?
5
Suppose 0 + 30 = -5*x. Let v(w) = -11*w + 4. Let z be v(x). Calculate the highest common factor of z and 10.
10
Suppose -d = -3*g - 27, 2*d - 4*d + 5*g = -49. Suppose 2*m - 5*m = -108. Calculate the highest common factor of d and m.
12
Let w(s) = 2*s**2 + s - 1. Let v be w(1). Suppose 22 = -v*b + 4*b. What is the highest common divisor of b and 55?
11
Let i be 2 - (-4 - 9) - -3. Suppose 3*d = -d + 180. Calculate the